{"id":1093334,"date":"2026-04-21T09:53:24","date_gmt":"2026-04-21T08:53:24","guid":{"rendered":"https:\/\/babelgroup.com\/?post_type=babel-trends&#038;p=1093334"},"modified":"2026-04-21T09:53:25","modified_gmt":"2026-04-21T08:53:25","slug":"ia-e-talento-o-novo-paradigma-do-trabalho-e-da-lideranca","status":"publish","type":"babel-trends","link":"https:\/\/babelgroup.com\/pt-pt\/media\/tendencias\/ia-e-talento-o-novo-paradigma-do-trabalho-e-da-lideranca\/","title":{"rendered":"IA e talento: o novo paradigma do trabalho e da lideran\u00e7a"},"content":{"rendered":"<div class=\"vgblk-rw-wrapper limit-wrapper\">\n<p class=\"has-black-color has-text-color has-link-color wp-elements-51f032e569942138eed943a296077736\">21\/04\/2026<\/p>\n\n\n\n<p>Entrevista com <strong><a href=\"https:\/\/www.linkedin.com\/in\/rub%C3%A9n-esteller-b62ba612\/\" data-type=\"link\" data-id=\"https:\/\/www.linkedin.com\/in\/rub%C3%A9n-esteller-b62ba612\/\" target=\"_blank\" rel=\"noopener\">\u00c1ngel S\u00e1enz<\/a><\/strong>, Country Manager para Espanha e Portugal no <strong>LinkedIn<\/strong><\/p>\n\n\n\n<div style=\"height:10px\" aria-hidden=\"true\" class=\"wp-block-spacer\"><\/div>\n\n\n\n<figure class=\"wp-block-embed is-type-video is-provider-youtube wp-block-embed-youtube wp-embed-aspect-16-9 wp-has-aspect-ratio\"><div class=\"wp-block-embed__wrapper\">\n<iframe title=\"Tech for Good: IA e talento, o novo paradigma do trabalho e da lideran\u00e7a\" width=\"1280\" height=\"720\" src=\"https:\/\/www.youtube.com\/embed\/CBKJQGJz-ck?feature=oembed&#038;enablejsapi=1&#038;origin=https:\/\/babelgroup.com\" frameborder=\"0\" allow=\"accelerometer; autoplay; clipboard-write; encrypted-media; gyroscope; picture-in-picture; web-share\" referrerpolicy=\"strict-origin-when-cross-origin\" allowfullscreen><\/iframe>\n<\/div><\/figure>\n\n\n\n<div style=\"height:54px\" aria-hidden=\"true\" class=\"wp-block-spacer\"><\/div>\n\n\n\n<p>A transforma\u00e7\u00e3o do mercado de trabalho j\u00e1 n\u00e3o consiste apenas na incorpora\u00e7\u00e3o de tecnologia, mas sim na redefini\u00e7\u00e3o da forma como as oportunidades s\u00e3o criadas num ambiente em constante mudan\u00e7a. A <strong>intelig\u00eancia artificial<\/strong> est\u00e1 a alterar profundamente a forma de trabalhar, impulsionando novos modelos em que a <strong>adaptabilidade<\/strong> e o uso eficiente da tecnologia se tornam essenciais.<\/p>\n\n\n\n<p>Neste contexto, a <strong>incerteza e a oportunidade<\/strong> coexistem. A IA promete melhorar a produtividade e gerar valor, mas tamb\u00e9m exige que os profissionais e as empresas evoluam rapidamente. A <strong>empregabilidade<\/strong> deixa de depender apenas do conhecimento e passa a estar ligada \u00e0 capacidade de aprender e reinventar-se continuamente.<\/p>\n\n\n\n<p>A tecnologia atua como um <strong>acelerador do talento,<\/strong> potenciando tanto os perfis juniores como os seniores. No entanto, este avan\u00e7o refor\u00e7a o valor das <strong>compet\u00eancias humanas,<\/strong> como o pensamento cr\u00edtico, o discernimento ou a tomada de decis\u00f5es, que se consolidam como diferenciais num ambiente automatizado.<\/p>\n\n\n\n<p>O futuro do trabalho ser\u00e1 mais <strong>tecnol\u00f3gico, flex\u00edvel e din\u00e2mico,<\/strong> mas depender\u00e1 de um elemento-chave: a <strong>capacidade de aprender.<\/strong> Esta posiciona-se como a compet\u00eancia essencial para construir uma carreira sustent\u00e1vel e adaptar-se a um ambiente em constante transforma\u00e7\u00e3o.<\/p>\n\n\n\n<div style=\"height:16px\" aria-hidden=\"true\" class=\"wp-block-spacer\"><\/div>\n\n\n\n<h2 class=\"wp-block-heading has-large-font-size\"><strong>Os protagonistas<\/strong><\/h2>\n\n\n\n<div style=\"height:21px\" aria-hidden=\"true\" class=\"wp-block-spacer\"><\/div>\n\n\n\n<div class=\"wp-block-columns is-layout-flex wp-container-core-columns-is-layout-9d6595d7 wp-block-columns-is-layout-flex\">\n<div class=\"wp-block-column is-layout-flow wp-block-column-is-layout-flow\">\n<div class=\"wp-block-columns is-layout-flex wp-container-core-columns-is-layout-9d6595d7 wp-block-columns-is-layout-flex\">\n<div class=\"wp-block-column is-layout-flow wp-block-column-is-layout-flow\">\n<figure class=\"wp-block-image size-full\"><img fetchpriority=\"high\" decoding=\"async\" width=\"212\" height=\"264\" src=\"https:\/\/babelgroup.com\/wp-content\/uploads\/2026\/04\/angel-bio.jpg\" alt=\"\" class=\"wp-image-1086629\" \/><\/figure>\n<\/div>\n\n\n\n<div class=\"wp-block-column is-layout-flow wp-block-column-is-layout-flow\">\n<p><\/p>\n\n\n\n<p><strong>\u00c1ngel S\u00e1enz<\/strong><\/p>\n\n\n\n<p>Country Manager para Espanha e Portugal<a href=\"https:\/\/www.linkedin.com\/in\/nuria-fuentes-s%C3%A1nchez\/\" target=\"_blank\" rel=\"noreferrer noopener\"><\/a><\/p>\n\n\n\n<p class=\"has-black-color has-text-color has-link-color wp-elements-0329a248e9f0e6a3583c076929403a2f\"><a href=\"https:\/\/www.linkedin.com\/in\/angelsaenzdecenzano\/\" data-type=\"link\" data-id=\"https:\/\/www.linkedin.com\/in\/angelsaenzdecenzano\/\" target=\"_blank\" rel=\"noopener\">LinkedIn<\/a><\/p>\n<\/div>\n<\/div>\n<\/div>\n\n\n\n<div class=\"wp-block-column is-layout-flow wp-block-column-is-layout-flow\">\n<div class=\"wp-block-columns is-layout-flex wp-container-core-columns-is-layout-9d6595d7 wp-block-columns-is-layout-flex\">\n<div class=\"wp-block-column is-layout-flow wp-block-column-is-layout-flow\">\n<figure class=\"wp-block-image size-full\"><img decoding=\"async\" width=\"212\" height=\"264\" src=\"https:\/\/babelgroup.com\/wp-content\/uploads\/2026\/04\/felipe-bio.jpg\" alt=\"\" class=\"wp-image-1086633\" \/><\/figure>\n<\/div>\n\n\n\n<div class=\"wp-block-column is-layout-flow wp-block-column-is-layout-flow\">\n<p><\/p>\n\n\n\n<p><strong>Felipe P\u00e9rez<\/strong><\/p>\n\n\n\n<p>Chief People Officer<a href=\"https:\/\/www.linkedin.com\/in\/nuria-fuentes-s%C3%A1nchez\/\" target=\"_blank\" rel=\"noreferrer noopener\"><\/a><\/p>\n\n\n\n<p class=\"has-black-color has-text-color has-link-color wp-elements-0883bfe14f0fa4fa6d21abffcf202a0f\"><a href=\"https:\/\/www.linkedin.com\/in\/felipe-alejandro-perez-fernandez\/\" data-type=\"link\" data-id=\"https:\/\/www.linkedin.com\/in\/felipe-alejandro-perez-fernandez\/\" target=\"_blank\" rel=\"noopener\">LinkedIn<\/a><\/p>\n<\/div>\n<\/div>\n<\/div>\n<\/div>\n\n\n\n<p><\/p>\n<\/div><!-- .vgblk-rw-wrapper -->","protected":false},"excerpt":{"rendered":"<h4 style=\"color: #f39433\">\u00c1ngel S\u00e1enz<\/h4>\n<p>Country Manager para Espanha e Portugal no <b><font color=\"#f39433\">LinkedIn<\/font><\/b>.<br \/>\n<br \/><\/br><\/p>\n<p style=\"font-size: 12px;color: #333\">03\/02\/2026<\/p>\n","protected":false},"featured_media":1086625,"parent":0,"menu_order":5,"template":"","class_list":["post-1093334","babel-trends","type-babel-trends","status-publish","has-post-thumbnail","hentry"],"acf":[],"_links":{"self":[{"href":"https:\/\/babelgroup.com\/pt-pt\/wp-json\/wp\/v2\/babel-trends\/1093334","targetHints":{"allow":["GET"]}}],"collection":[{"href":"https:\/\/babelgroup.com\/pt-pt\/wp-json\/wp\/v2\/babel-trends"}],"about":[{"href":"https:\/\/babelgroup.com\/pt-pt\/wp-json\/wp\/v2\/types\/babel-trends"}],"version-history":[{"count":13,"href":"https:\/\/babelgroup.com\/pt-pt\/wp-json\/wp\/v2\/babel-trends\/1093334\/revisions"}],"predecessor-version":[{"id":1093391,"href":"https:\/\/babelgroup.com\/pt-pt\/wp-json\/wp\/v2\/babel-trends\/1093334\/revisions\/1093391"}],"wp:featuredmedia":[{"embeddable":true,"href":"https:\/\/babelgroup.com\/pt-pt\/wp-json\/wp\/v2\/media\/1086625"}],"wp:attachment":[{"href":"https:\/\/babelgroup.com\/pt-pt\/wp-json\/wp\/v2\/media?parent=1093334"}],"curies":[{"name":"wp","href":"https:\/\/api.w.org\/{rel}","templated":true}]}}

IA e talento: o novo paradigma do trabalho e da liderança

<div class="vgblk-rw-wrapper limit-wrapper">
<p class="has-black-color has-text-color has-link-color wp-elements-51f032e569942138eed943a296077736">21/04/2026</p>



<p>Entrevista com <strong><a href="https://www.linkedin.com/in/rub%C3%A9n-esteller-b62ba612/" data-type="link" data-id="https://www.linkedin.com/in/rub%C3%A9n-esteller-b62ba612/" target="_blank" rel="noopener">Ángel Sáenz</a></strong>, Country Manager para Espanha e Portugal no <strong>LinkedIn</strong></p>



<div style="height:10px" aria-hidden="true" class="wp-block-spacer"></div>



<figure class="wp-block-embed is-type-video is-provider-youtube wp-block-embed-youtube wp-embed-aspect-16-9 wp-has-aspect-ratio"><div class="wp-block-embed__wrapper">
<iframe title="Tech for Good: IA e talento, o novo paradigma do trabalho e da liderança" width="1280" height="720" src="https://www.youtube.com/embed/CBKJQGJz-ck?feature=oembed&#038;enablejsapi=1&#038;origin=https://babelgroup.com" frameborder="0" allow="accelerometer; autoplay; clipboard-write; encrypted-media; gyroscope; picture-in-picture; web-share" referrerpolicy="strict-origin-when-cross-origin" allowfullscreen></iframe>
</div></figure>



<div style="height:54px" aria-hidden="true" class="wp-block-spacer"></div>



<p>A transformação do mercado de trabalho já não consiste apenas na incorporação de tecnologia, mas sim na redefinição da forma como as oportunidades são criadas num ambiente em constante mudança. A <strong>inteligência artificial</strong> está a alterar profundamente a forma de trabalhar, impulsionando novos modelos em que a <strong>adaptabilidade</strong> e o uso eficiente da tecnologia se tornam essenciais.</p>



<p>Neste contexto, a <strong>incerteza e a oportunidade</strong> coexistem. A IA promete melhorar a produtividade e gerar valor, mas também exige que os profissionais e as empresas evoluam rapidamente. A <strong>empregabilidade</strong> deixa de depender apenas do conhecimento e passa a estar ligada à capacidade de aprender e reinventar-se continuamente.</p>



<p>A tecnologia atua como um <strong>acelerador do talento,</strong> potenciando tanto os perfis juniores como os seniores. No entanto, este avanço reforça o valor das <strong>competências humanas,</strong> como o pensamento crítico, o discernimento ou a tomada de decisões, que se consolidam como diferenciais num ambiente automatizado.</p>



<p>O futuro do trabalho será mais <strong>tecnológico, flexível e dinâmico,</strong> mas dependerá de um elemento-chave: a <strong>capacidade de aprender.</strong> Esta posiciona-se como a competência essencial para construir uma carreira sustentável e adaptar-se a um ambiente em constante transformação.</p>



<div style="height:16px" aria-hidden="true" class="wp-block-spacer"></div>



<h2 class="wp-block-heading has-large-font-size"><strong>Os protagonistas</strong></h2>



<div style="height:21px" aria-hidden="true" class="wp-block-spacer"></div>



<div class="wp-block-columns is-layout-flex wp-container-core-columns-is-layout-9d6595d7 wp-block-columns-is-layout-flex">
<div class="wp-block-column is-layout-flow wp-block-column-is-layout-flow">
<div class="wp-block-columns is-layout-flex wp-container-core-columns-is-layout-9d6595d7 wp-block-columns-is-layout-flex">
<div class="wp-block-column is-layout-flow wp-block-column-is-layout-flow">
<figure class="wp-block-image size-full"><img fetchpriority="high" decoding="async" width="212" height="264" src="https://babelgroup.com/wp-content/uploads/2026/04/angel-bio.jpg" alt="" class="wp-image-1086629" /></figure>
</div>



<div class="wp-block-column is-layout-flow wp-block-column-is-layout-flow">
<p></p>



<p><strong>Ángel Sáenz</strong></p>



<p>Country Manager para Espanha e Portugal<a href="https://www.linkedin.com/in/nuria-fuentes-s%C3%A1nchez/" target="_blank" rel="noreferrer noopener"></a></p>



<p class="has-black-color has-text-color has-link-color wp-elements-0329a248e9f0e6a3583c076929403a2f"><a href="https://www.linkedin.com/in/angelsaenzdecenzano/" data-type="link" data-id="https://www.linkedin.com/in/angelsaenzdecenzano/" target="_blank" rel="noopener">LinkedIn</a></p>
</div>
</div>
</div>



<div class="wp-block-column is-layout-flow wp-block-column-is-layout-flow">
<div class="wp-block-columns is-layout-flex wp-container-core-columns-is-layout-9d6595d7 wp-block-columns-is-layout-flex">
<div class="wp-block-column is-layout-flow wp-block-column-is-layout-flow">
<figure class="wp-block-image size-full"><img decoding="async" width="212" height="264" src="https://babelgroup.com/wp-content/uploads/2026/04/felipe-bio.jpg" alt="" class="wp-image-1086633" /></figure>
</div>



<div class="wp-block-column is-layout-flow wp-block-column-is-layout-flow">
<p></p>



<p><strong>Felipe Pérez</strong></p>



<p>Chief People Officer<a href="https://www.linkedin.com/in/nuria-fuentes-s%C3%A1nchez/" target="_blank" rel="noreferrer noopener"></a></p>



<p class="has-black-color has-text-color has-link-color wp-elements-0883bfe14f0fa4fa6d21abffcf202a0f"><a href="https://www.linkedin.com/in/felipe-alejandro-perez-fernandez/" data-type="link" data-id="https://www.linkedin.com/in/felipe-alejandro-perez-fernandez/" target="_blank" rel="noopener">LinkedIn</a></p>
</div>
</div>
</div>
</div>



<p></p>
</div><!-- .vgblk-rw-wrapper -->

<h4 style="color: #f39433">Ángel Sáenz</h4>
<p>Country Manager para Espanha e Portugal no <b><font color="#f39433">LinkedIn</font></b>.<br />
<br /></br></p>
<p style="font-size: 12px;color: #333">03/02/2026</p>
