{"id":1044287,"date":"2025-10-13T17:35:19","date_gmt":"2025-10-13T15:35:19","guid":{"rendered":"https:\/\/babelgroup.com\/?post_type=babel-trends&#038;p=1044287"},"modified":"2025-11-12T23:42:26","modified_gmt":"2025-11-12T21:42:26","slug":"a-saude-e-a-ia-na-revolucao-tecnologica","status":"publish","type":"babel-trends","link":"https:\/\/babelgroup.com\/pt-pt\/media\/tendencias\/a-saude-e-a-ia-na-revolucao-tecnologica\/","title":{"rendered":"A sa\u00fade e a IA na revolu\u00e7\u00e3o tecnol\u00f3gica"},"content":{"rendered":"<div class=\"vgblk-rw-wrapper limit-wrapper\">\n<p>06\/03\/2025<\/p>\n\n\n\n<p>Entrevista com <strong>Pedro D\u00edaz<\/strong>, CEO da <strong>Savia.<\/strong><\/p>\n\n\n\n<figure class=\"wp-block-embed is-type-video is-provider-youtube wp-block-embed-youtube wp-embed-aspect-16-9 wp-has-aspect-ratio\"><div class=\"wp-block-embed__wrapper\">\n<iframe title=\"SAVIA sobre salud e inteligencia artificial en la revoluci\u00f3n tecnol\u00f3gica\" width=\"1280\" height=\"720\" src=\"https:\/\/www.youtube.com\/embed\/zwp4ZSHq5dM?feature=oembed\" frameborder=\"0\" allow=\"accelerometer; autoplay; clipboard-write; encrypted-media; gyroscope; picture-in-picture; web-share\" referrerpolicy=\"strict-origin-when-cross-origin\" allowfullscreen><\/iframe>\n<\/div><\/figure>\n\n\n\n<p><\/p>\n\n\n\n<p>.<\/p>\n\n\n\n<p>Convers\u00e1mos com Pedro D\u00edaz, respons\u00e1vel pelos servi\u00e7os de sa\u00fade digital na MAPFRE e CEO da Savia, sobre o futuro da IA e a revolu\u00e7\u00e3o tecnol\u00f3gica na sa\u00fade digital.<\/p>\n\n\n\n<p>A import\u00e2ncia da tecnologia no setor da sa\u00fade, para melhorar a rela\u00e7\u00e3o com os clientes e personalizar as suas experi\u00eancias, tornou-se um instrumento essencial para uma escuta mais atenta e pr\u00f3xima. A utiliza\u00e7\u00e3o de dados \u00e9 tamb\u00e9m fundamental para aperfei\u00e7oar os servi\u00e7os e alcan\u00e7ar um atendimento mais emp\u00e1tico e eficaz.<\/p>\n\n\n\n<p>Na sa\u00fade digital, a IA j\u00e1 \u00e9 aplicada em diversas funcionalidades, como a procura de especialistas e a gest\u00e3o de reembolsos, o que permitiu reduzir tempos de espera e aumentar a satisfa\u00e7\u00e3o dos clientes. Al\u00e9m disso, foi implementado um sistema que possibilita realizar consultas por voz, facilitando ainda mais o acesso aos servi\u00e7os de sa\u00fade digital.<\/p>\n\n\n\n<p>A sustentabilidade do sistema de sa\u00fade e a tecnologia devem caminhar lado a lado para enfrentar os desafios atuais, especialmente ap\u00f3s a pandemia. Existe uma grande necessidade de prestar aten\u00e7\u00e3o \u00e0s popula\u00e7\u00f5es mais envelhecidas e de reduzir a desigualdade digital, oferecendo servi\u00e7os adaptados \u00e0s suas necessidades. Se tudo isto for utilizado de forma adequada, a tecnologia e a IA podem melhorar significativamente a qualidade de vida das pessoas, tornando o setor da sa\u00fade mais eficiente e humano.<\/p>\n\n\n\n<h2 class=\"wp-block-heading has-large-font-size\"><strong><strong><strong><strong>Os protagonistas<\/strong><\/strong><\/strong><\/strong><\/h2>\n\n\n\n<div class=\"wp-block-columns is-layout-flex wp-container-core-columns-is-layout-9d6595d7 wp-block-columns-is-layout-flex\">\n<div class=\"wp-block-column is-layout-flow wp-block-column-is-layout-flow\">\n<div class=\"wp-block-columns is-layout-flex wp-container-core-columns-is-layout-9d6595d7 wp-block-columns-is-layout-flex\">\n<div class=\"wp-block-column is-layout-flow wp-block-column-is-layout-flow\">\n<figure class=\"wp-block-image size-full is-resized\"><img fetchpriority=\"high\" decoding=\"async\" width=\"212\" height=\"264\" src=\"https:\/\/babelgroup.com\/wp-content\/uploads\/2025\/10\/PEDRO-BIO.webp\" alt=\"\" class=\"wp-image-1044291\" style=\"width:215px;height:auto\" \/><\/figure>\n<\/div>\n\n\n\n<div class=\"wp-block-column is-layout-flow wp-block-column-is-layout-flow\">\n<p><\/p>\n\n\n\n<p><strong><strong>Pedro D\u00edaz<\/strong><\/strong><\/p>\n\n\n\n<p>CEO Savia<\/p>\n\n\n\n<p><a href=\"https:\/\/www.linkedin.com\/in\/pedrodiazyuste\/?originalSubdomain=es\" target=\"_blank\" rel=\"noreferrer noopener\">LinkedIn<\/a><\/p>\n<\/div>\n<\/div>\n<\/div>\n\n\n\n<div class=\"wp-block-column is-layout-flow wp-block-column-is-layout-flow\">\n<div class=\"wp-block-columns is-layout-flex wp-container-core-columns-is-layout-9d6595d7 wp-block-columns-is-layout-flex\">\n<div class=\"wp-block-column is-layout-flow wp-block-column-is-layout-flow\">\n<figure class=\"wp-block-image size-full is-resized\"><img decoding=\"async\" width=\"212\" height=\"264\" src=\"https:\/\/babelgroup.com\/wp-content\/uploads\/2025\/10\/JESUS-BIO.webp\" alt=\"\" class=\"wp-image-1044295\" style=\"width:212px;height:auto\" \/><\/figure>\n<\/div>\n\n\n\n<div class=\"wp-block-column is-layout-flow wp-block-column-is-layout-flow\">\n<p><\/p>\n\n\n\n<p><strong>Jes\u00fas M.<\/strong><\/p>\n\n\n\n<p>Head of Insurance &amp; Health Babel<a href=\"https:\/\/www.linkedin.com\/in\/nuria-fuentes-s%C3%A1nchez\/\" target=\"_blank\" rel=\"noreferrer noopener\"><\/a><\/p>\n\n\n\n<p><a href=\"https:\/\/www.linkedin.com\/in\/jesusmarco\/\" target=\"_blank\" rel=\"noopener\">LinkedIn<\/a><\/p>\n<\/div>\n<\/div>\n<\/div>\n<\/div>\n<\/div><!-- .vgblk-rw-wrapper -->","protected":false},"excerpt":{"rendered":"<h4 style=\"color: #f39433\">Pedro D\u00edaz<\/h4>\n<p>CEO<b><font color=\"#f39433\"> Savia<\/font>.<\/b><\/p>\n<p><\/br><\/p>\n<p style=\"font-size: 12px;color: #333\">06\/03\/2025<\/p>\n","protected":false},"featured_media":1044299,"parent":0,"menu_order":1,"template":"","class_list":["post-1044287","babel-trends","type-babel-trends","status-publish","has-post-thumbnail","hentry"],"acf":[],"_links":{"self":[{"href":"https:\/\/babelgroup.com\/pt-pt\/wp-json\/wp\/v2\/babel-trends\/1044287","targetHints":{"allow":["GET"]}}],"collection":[{"href":"https:\/\/babelgroup.com\/pt-pt\/wp-json\/wp\/v2\/babel-trends"}],"about":[{"href":"https:\/\/babelgroup.com\/pt-pt\/wp-json\/wp\/v2\/types\/babel-trends"}],"version-history":[{"count":4,"href":"https:\/\/babelgroup.com\/pt-pt\/wp-json\/wp\/v2\/babel-trends\/1044287\/revisions"}],"predecessor-version":[{"id":1080006,"href":"https:\/\/babelgroup.com\/pt-pt\/wp-json\/wp\/v2\/babel-trends\/1044287\/revisions\/1080006"}],"wp:featuredmedia":[{"embeddable":true,"href":"https:\/\/babelgroup.com\/pt-pt\/wp-json\/wp\/v2\/media\/1044299"}],"wp:attachment":[{"href":"https:\/\/babelgroup.com\/pt-pt\/wp-json\/wp\/v2\/media?parent=1044287"}],"curies":[{"name":"wp","href":"https:\/\/api.w.org\/{rel}","templated":true}]}}

A saúde e a IA na revolução tecnológica

<div class="vgblk-rw-wrapper limit-wrapper">
<p>06/03/2025</p>



<p>Entrevista com <strong>Pedro Díaz</strong>, CEO da <strong>Savia.</strong></p>



<figure class="wp-block-embed is-type-video is-provider-youtube wp-block-embed-youtube wp-embed-aspect-16-9 wp-has-aspect-ratio"><div class="wp-block-embed__wrapper">
<iframe title="SAVIA sobre salud e inteligencia artificial en la revolución tecnológica" width="1280" height="720" src="https://www.youtube.com/embed/zwp4ZSHq5dM?feature=oembed" frameborder="0" allow="accelerometer; autoplay; clipboard-write; encrypted-media; gyroscope; picture-in-picture; web-share" referrerpolicy="strict-origin-when-cross-origin" allowfullscreen></iframe>
</div></figure>



<p></p>



<p>.</p>



<p>Conversámos com Pedro Díaz, responsável pelos serviços de saúde digital na MAPFRE e CEO da Savia, sobre o futuro da IA e a revolução tecnológica na saúde digital.</p>



<p>A importância da tecnologia no setor da saúde, para melhorar a relação com os clientes e personalizar as suas experiências, tornou-se um instrumento essencial para uma escuta mais atenta e próxima. A utilização de dados é também fundamental para aperfeiçoar os serviços e alcançar um atendimento mais empático e eficaz.</p>



<p>Na saúde digital, a IA já é aplicada em diversas funcionalidades, como a procura de especialistas e a gestão de reembolsos, o que permitiu reduzir tempos de espera e aumentar a satisfação dos clientes. Além disso, foi implementado um sistema que possibilita realizar consultas por voz, facilitando ainda mais o acesso aos serviços de saúde digital.</p>



<p>A sustentabilidade do sistema de saúde e a tecnologia devem caminhar lado a lado para enfrentar os desafios atuais, especialmente após a pandemia. Existe uma grande necessidade de prestar atenção às populações mais envelhecidas e de reduzir a desigualdade digital, oferecendo serviços adaptados às suas necessidades. Se tudo isto for utilizado de forma adequada, a tecnologia e a IA podem melhorar significativamente a qualidade de vida das pessoas, tornando o setor da saúde mais eficiente e humano.</p>



<h2 class="wp-block-heading has-large-font-size"><strong><strong><strong><strong>Os protagonistas</strong></strong></strong></strong></h2>



<div class="wp-block-columns is-layout-flex wp-container-core-columns-is-layout-9d6595d7 wp-block-columns-is-layout-flex">
<div class="wp-block-column is-layout-flow wp-block-column-is-layout-flow">
<div class="wp-block-columns is-layout-flex wp-container-core-columns-is-layout-9d6595d7 wp-block-columns-is-layout-flex">
<div class="wp-block-column is-layout-flow wp-block-column-is-layout-flow">
<figure class="wp-block-image size-full is-resized"><img fetchpriority="high" decoding="async" width="212" height="264" src="https://babelgroup.com/wp-content/uploads/2025/10/PEDRO-BIO.webp" alt="" class="wp-image-1044291" style="width:215px;height:auto" /></figure>
</div>



<div class="wp-block-column is-layout-flow wp-block-column-is-layout-flow">
<p></p>



<p><strong><strong>Pedro Díaz</strong></strong></p>



<p>CEO Savia</p>



<p><a href="https://www.linkedin.com/in/pedrodiazyuste/?originalSubdomain=es" target="_blank" rel="noreferrer noopener">LinkedIn</a></p>
</div>
</div>
</div>



<div class="wp-block-column is-layout-flow wp-block-column-is-layout-flow">
<div class="wp-block-columns is-layout-flex wp-container-core-columns-is-layout-9d6595d7 wp-block-columns-is-layout-flex">
<div class="wp-block-column is-layout-flow wp-block-column-is-layout-flow">
<figure class="wp-block-image size-full is-resized"><img decoding="async" width="212" height="264" src="https://babelgroup.com/wp-content/uploads/2025/10/JESUS-BIO.webp" alt="" class="wp-image-1044295" style="width:212px;height:auto" /></figure>
</div>



<div class="wp-block-column is-layout-flow wp-block-column-is-layout-flow">
<p></p>



<p><strong>Jesús M.</strong></p>



<p>Head of Insurance &amp; Health Babel<a href="https://www.linkedin.com/in/nuria-fuentes-s%C3%A1nchez/" target="_blank" rel="noreferrer noopener"></a></p>



<p><a href="https://www.linkedin.com/in/jesusmarco/" target="_blank" rel="noopener">LinkedIn</a></p>
</div>
</div>
</div>
</div>
</div><!-- .vgblk-rw-wrapper -->

<h4 style="color: #f39433">Pedro Díaz</h4>
<p>CEO<b><font color="#f39433"> Savia</font>.</b></p>
<p></br></p>
<p style="font-size: 12px;color: #333">06/03/2025</p>
