{"id":1044254,"date":"2025-10-13T17:38:01","date_gmt":"2025-10-13T15:38:01","guid":{"rendered":"https:\/\/babelgroup.com\/?post_type=babel-trends&#038;p=1044254"},"modified":"2025-11-12T23:49:33","modified_gmt":"2025-11-12T21:49:33","slug":"o-papel-da-tecnologia-na-transicao-energetica","status":"publish","type":"babel-trends","link":"https:\/\/babelgroup.com\/pt-pt\/media\/tendencias\/o-papel-da-tecnologia-na-transicao-energetica\/","title":{"rendered":"O papel da tecnologia na transi\u00e7\u00e3o energ\u00e9tica"},"content":{"rendered":"<div class=\"vgblk-rw-wrapper limit-wrapper\">\n<p>14\/03\/2024<\/p>\n\n\n\n<p>Entrevista com <strong>Sergio Merch\u00e1n<\/strong>, IT Director na <strong>Iberdrola<\/strong><br><br><\/p>\n\n\n\n<figure class=\"wp-block-embed is-type-video is-provider-youtube wp-block-embed-youtube wp-embed-aspect-16-9 wp-has-aspect-ratio\"><div class=\"wp-block-embed__wrapper\">\n<iframe title=\"IBERDROLA sobre el papel de la tecnolog\u00eda en la transici\u00f3n energ\u00e9tica\" width=\"1280\" height=\"720\" src=\"https:\/\/www.youtube.com\/embed\/Twjn_zCykC8?start=6&#038;feature=oembed\" frameborder=\"0\" allow=\"accelerometer; autoplay; clipboard-write; encrypted-media; gyroscope; picture-in-picture; web-share\" referrerpolicy=\"strict-origin-when-cross-origin\" allowfullscreen><\/iframe>\n<\/div><\/figure>\n\n\n\n<p><\/p>\n\n\n\n<p>.<\/p>\n\n\n\n<p>Falamos com o IT Director da Iberdrola, l\u00edder de longa data na transi\u00e7\u00e3o energ\u00e9tica.<br>A gera\u00e7\u00e3o de energia renov\u00e1vel, a cria\u00e7\u00e3o de novas redes inteligentes e outros produtos <em>smart<\/em> s\u00e3o fundamentais n\u00e3o apenas para o setor energ\u00e9tico, mas tamb\u00e9m para a sustentabilidade do planeta.<br>A transforma\u00e7\u00e3o empresarial atrav\u00e9s da Cloud e da IA representa o pr\u00f3ximo grande desafio para as grandes empresas, que devem adaptar todos os seus sistemas sem perder de vista a reten\u00e7\u00e3o de talento.<br>Nunca devemos esquecer as pessoas, e para isso os modelos de trabalho tamb\u00e9m t\u00eam de evoluir.<br>Produtos como a assist\u00eancia inteligente e os m\u00e9todos de previs\u00e3o em energias renov\u00e1veis s\u00e3o cruciais para cumprir os ODS e contribuir para a redu\u00e7\u00e3o de custos para os consumidores.<\/p>\n\n\n\n<h2 class=\"wp-block-heading has-large-font-size\"><strong><strong><strong><strong>Os protagonistas<\/strong><\/strong><\/strong><\/strong><\/h2>\n\n\n\n<div class=\"wp-block-columns is-layout-flex wp-container-core-columns-is-layout-9d6595d7 wp-block-columns-is-layout-flex\">\n<div class=\"wp-block-column is-layout-flow wp-block-column-is-layout-flow\">\n<div class=\"wp-block-columns is-layout-flex wp-container-core-columns-is-layout-9d6595d7 wp-block-columns-is-layout-flex\">\n<div class=\"wp-block-column is-layout-flow wp-block-column-is-layout-flow\">\n<figure class=\"wp-block-image size-full is-resized\"><img fetchpriority=\"high\" decoding=\"async\" width=\"212\" height=\"264\" src=\"https:\/\/babelgroup.com\/wp-content\/uploads\/2025\/10\/IBERDROLA-BIO1.webp\" alt=\"\" class=\"wp-image-1044257\" style=\"width:215px;height:auto\" \/><\/figure>\n<\/div>\n\n\n\n<div class=\"wp-block-column is-layout-flow wp-block-column-is-layout-flow\">\n<p><\/p>\n\n\n\n<p><strong><strong>Sergio Merch\u00e1n<\/strong><\/strong><\/p>\n\n\n\n<p>IT Director Iberdrola<\/p>\n\n\n\n<p><\/p>\n<\/div>\n<\/div>\n<\/div>\n\n\n\n<div class=\"wp-block-column is-layout-flow wp-block-column-is-layout-flow\">\n<div class=\"wp-block-columns is-layout-flex wp-container-core-columns-is-layout-9d6595d7 wp-block-columns-is-layout-flex\">\n<div class=\"wp-block-column is-layout-flow wp-block-column-is-layout-flow\">\n<figure class=\"wp-block-image size-full is-resized\"><img decoding=\"async\" width=\"212\" height=\"264\" src=\"https:\/\/babelgroup.com\/wp-content\/uploads\/2025\/10\/CLAUDIO-BIO1.webp\" alt=\"\" class=\"wp-image-1044261\" style=\"width:212px;height:auto\" \/><\/figure>\n<\/div>\n\n\n\n<div class=\"wp-block-column is-layout-flow wp-block-column-is-layout-flow\">\n<p><\/p>\n\n\n\n<p><strong>Claudio Fern\u00e1ndez<\/strong><\/p>\n\n\n\n<p>Head of Utilities &amp; Energy<br>Babel<a href=\"https:\/\/www.linkedin.com\/in\/nuria-fuentes-s%C3%A1nchez\/\" target=\"_blank\" rel=\"noreferrer noopener\"><\/a><\/p>\n\n\n\n<p><a href=\"https:\/\/www.linkedin.com\/in\/claudiofernandez\/\" target=\"_blank\" rel=\"noopener\">LinkedIn<\/a><\/p>\n<\/div>\n<\/div>\n<\/div>\n<\/div>\n<\/div><!-- .vgblk-rw-wrapper -->","protected":false},"excerpt":{"rendered":"<h4 style=\"color: #f39433\">Sergio Merch\u00e1n<\/h4>\n<p>IT Director<b><font color=\"#f39433\"> Iberdrola<\/font>.<\/b><\/p>\n<p><\/br><\/p>\n<p style=\"font-size: 12px;color: #333\">14\/03\/2024<\/p>\n","protected":false},"featured_media":1044265,"parent":0,"menu_order":1,"template":"","class_list":["post-1044254","babel-trends","type-babel-trends","status-publish","has-post-thumbnail","hentry"],"acf":[],"_links":{"self":[{"href":"https:\/\/babelgroup.com\/pt-pt\/wp-json\/wp\/v2\/babel-trends\/1044254","targetHints":{"allow":["GET"]}}],"collection":[{"href":"https:\/\/babelgroup.com\/pt-pt\/wp-json\/wp\/v2\/babel-trends"}],"about":[{"href":"https:\/\/babelgroup.com\/pt-pt\/wp-json\/wp\/v2\/types\/babel-trends"}],"version-history":[{"count":6,"href":"https:\/\/babelgroup.com\/pt-pt\/wp-json\/wp\/v2\/babel-trends\/1044254\/revisions"}],"predecessor-version":[{"id":1080015,"href":"https:\/\/babelgroup.com\/pt-pt\/wp-json\/wp\/v2\/babel-trends\/1044254\/revisions\/1080015"}],"wp:featuredmedia":[{"embeddable":true,"href":"https:\/\/babelgroup.com\/pt-pt\/wp-json\/wp\/v2\/media\/1044265"}],"wp:attachment":[{"href":"https:\/\/babelgroup.com\/pt-pt\/wp-json\/wp\/v2\/media?parent=1044254"}],"curies":[{"name":"wp","href":"https:\/\/api.w.org\/{rel}","templated":true}]}}

O papel da tecnologia na transição energética

<div class="vgblk-rw-wrapper limit-wrapper">
<p>14/03/2024</p>



<p>Entrevista com <strong>Sergio Merchán</strong>, IT Director na <strong>Iberdrola</strong><br><br></p>



<figure class="wp-block-embed is-type-video is-provider-youtube wp-block-embed-youtube wp-embed-aspect-16-9 wp-has-aspect-ratio"><div class="wp-block-embed__wrapper">
<iframe title="IBERDROLA sobre el papel de la tecnología en la transición energética" width="1280" height="720" src="https://www.youtube.com/embed/Twjn_zCykC8?start=6&#038;feature=oembed" frameborder="0" allow="accelerometer; autoplay; clipboard-write; encrypted-media; gyroscope; picture-in-picture; web-share" referrerpolicy="strict-origin-when-cross-origin" allowfullscreen></iframe>
</div></figure>



<p></p>



<p>.</p>



<p>Falamos com o IT Director da Iberdrola, líder de longa data na transição energética.<br>A geração de energia renovável, a criação de novas redes inteligentes e outros produtos <em>smart</em> são fundamentais não apenas para o setor energético, mas também para a sustentabilidade do planeta.<br>A transformação empresarial através da Cloud e da IA representa o próximo grande desafio para as grandes empresas, que devem adaptar todos os seus sistemas sem perder de vista a retenção de talento.<br>Nunca devemos esquecer as pessoas, e para isso os modelos de trabalho também têm de evoluir.<br>Produtos como a assistência inteligente e os métodos de previsão em energias renováveis são cruciais para cumprir os ODS e contribuir para a redução de custos para os consumidores.</p>



<h2 class="wp-block-heading has-large-font-size"><strong><strong><strong><strong>Os protagonistas</strong></strong></strong></strong></h2>



<div class="wp-block-columns is-layout-flex wp-container-core-columns-is-layout-9d6595d7 wp-block-columns-is-layout-flex">
<div class="wp-block-column is-layout-flow wp-block-column-is-layout-flow">
<div class="wp-block-columns is-layout-flex wp-container-core-columns-is-layout-9d6595d7 wp-block-columns-is-layout-flex">
<div class="wp-block-column is-layout-flow wp-block-column-is-layout-flow">
<figure class="wp-block-image size-full is-resized"><img fetchpriority="high" decoding="async" width="212" height="264" src="https://babelgroup.com/wp-content/uploads/2025/10/IBERDROLA-BIO1.webp" alt="" class="wp-image-1044257" style="width:215px;height:auto" /></figure>
</div>



<div class="wp-block-column is-layout-flow wp-block-column-is-layout-flow">
<p></p>



<p><strong><strong>Sergio Merchán</strong></strong></p>



<p>IT Director Iberdrola</p>



<p></p>
</div>
</div>
</div>



<div class="wp-block-column is-layout-flow wp-block-column-is-layout-flow">
<div class="wp-block-columns is-layout-flex wp-container-core-columns-is-layout-9d6595d7 wp-block-columns-is-layout-flex">
<div class="wp-block-column is-layout-flow wp-block-column-is-layout-flow">
<figure class="wp-block-image size-full is-resized"><img decoding="async" width="212" height="264" src="https://babelgroup.com/wp-content/uploads/2025/10/CLAUDIO-BIO1.webp" alt="" class="wp-image-1044261" style="width:212px;height:auto" /></figure>
</div>



<div class="wp-block-column is-layout-flow wp-block-column-is-layout-flow">
<p></p>



<p><strong>Claudio Fernández</strong></p>



<p>Head of Utilities &amp; Energy<br>Babel<a href="https://www.linkedin.com/in/nuria-fuentes-s%C3%A1nchez/" target="_blank" rel="noreferrer noopener"></a></p>



<p><a href="https://www.linkedin.com/in/claudiofernandez/" target="_blank" rel="noopener">LinkedIn</a></p>
</div>
</div>
</div>
</div>
</div><!-- .vgblk-rw-wrapper -->

<h4 style="color: #f39433">Sergio Merchán</h4>
<p>IT Director<b><font color="#f39433"> Iberdrola</font>.</b></p>
<p></br></p>
<p style="font-size: 12px;color: #333">14/03/2024</p>
