{"id":1035024,"date":"2025-10-13T17:38:11","date_gmt":"2025-10-13T15:38:11","guid":{"rendered":"https:\/\/babelgroup.com\/?post_type=babel-trends&#038;p=1035024"},"modified":"2025-10-13T17:38:12","modified_gmt":"2025-10-13T15:38:12","slug":"o-papel-do-low-code-nas-organizacoes-e-no-setor-publico","status":"publish","type":"babel-trends","link":"https:\/\/babelgroup.com\/pt-pt\/media\/tendencias\/o-papel-do-low-code-nas-organizacoes-e-no-setor-publico\/","title":{"rendered":"O papel do Low-Code nas organiza\u00e7\u00f5es e no setor p\u00fablico"},"content":{"rendered":"<div class=\"vgblk-rw-wrapper limit-wrapper\">\n<p>26\/02\/2024<\/p>\n\n\n\n<p>Entrevista com <strong>Miguel Gonz\u00e1lez<\/strong>, Area Vice President Southern Europe &amp; LATAM na <strong>Appian Platform<\/strong><\/p>\n\n\n\n<figure class=\"wp-block-embed is-type-video is-provider-youtube wp-block-embed-youtube wp-embed-aspect-16-9 wp-has-aspect-ratio\"><div class=\"wp-block-embed__wrapper\">\n<iframe title=\"APPIAN sobre el factor Low-Code en las organizaciones y al sector p\u00fablico\" width=\"1280\" height=\"720\" src=\"https:\/\/www.youtube.com\/embed\/EYVXjO0oNqM?start=48&#038;feature=oembed\" frameborder=\"0\" allow=\"accelerometer; autoplay; clipboard-write; encrypted-media; gyroscope; picture-in-picture; web-share\" referrerpolicy=\"strict-origin-when-cross-origin\" allowfullscreen><\/iframe>\n<\/div><\/figure>\n\n\n\n<p><\/p>\n\n\n\n<p>.<\/p>\n\n\n\n<p>Nesta ocasi\u00e3o, falamos com Miguel Gonz\u00e1lez, Area Vice President para o Sul da Europa e LATAM na plataforma Appian, uma ferramenta de desenvolvimento muito poderosa no mundo do Low-Code.<br>A otimiza\u00e7\u00e3o de recursos nas empresas, especialmente ao n\u00edvel humano, \u00e9 um dos maiores avan\u00e7os que a tecnologia nos traz.<br>Isto, combinado com a evolu\u00e7\u00e3o da Intelig\u00eancia Artificial, reduz cada vez mais o tempo e os custos de produ\u00e7\u00e3o.<br>Solu\u00e7\u00f5es como a Appian resolvem problemas que afetam todos os setores, bem como diferentes \u00e1reas dentro das organiza\u00e7\u00f5es.<br>Os perfis de utilizadores de neg\u00f3cio e utilizadores t\u00e9cnicos est\u00e3o cada vez mais pr\u00f3ximos, o que ajuda a fomentar um ambiente mais colaborativo.<br>Uma das miss\u00f5es mais complexas \u00e9 aproximar este tipo de tecnologia dos grupos minorit\u00e1rios, para que possam aceder a recursos que os ajudem no seu dia a dia.<br>Por esta raz\u00e3o, para al\u00e9m do setor privado, a colabora\u00e7\u00e3o com o setor p\u00fablico e com os cidad\u00e3os tamb\u00e9m \u00e9 muito importante.<\/p>\n\n\n\n<p><\/p>\n\n\n\n<h2 class=\"wp-block-heading has-large-font-size\"><strong><strong><strong><strong>Os protagonistas<\/strong><\/strong><\/strong><\/strong><\/h2>\n\n\n\n<div class=\"wp-block-columns is-layout-flex wp-container-core-columns-is-layout-9d6595d7 wp-block-columns-is-layout-flex\">\n<div class=\"wp-block-column is-layout-flow wp-block-column-is-layout-flow\">\n<div class=\"wp-block-columns is-layout-flex wp-container-core-columns-is-layout-9d6595d7 wp-block-columns-is-layout-flex\">\n<div class=\"wp-block-column is-layout-flow wp-block-column-is-layout-flow\">\n<figure class=\"wp-block-image size-full is-resized\"><img fetchpriority=\"high\" decoding=\"async\" width=\"212\" height=\"264\" src=\"https:\/\/babelgroup.com\/wp-content\/uploads\/2025\/10\/MicrosoftTeams-image_21.webp\" alt=\"\" class=\"wp-image-1044116\" style=\"width:215px;height:auto\" \/><\/figure>\n<\/div>\n\n\n\n<div class=\"wp-block-column is-layout-flow wp-block-column-is-layout-flow\">\n<p><\/p>\n\n\n\n<p><strong><strong>Miguel Gonz\u00e1lez<\/strong><\/strong><\/p>\n\n\n\n<p>Area Vicepresident Southern Europe &amp; LATAM<\/p>\n\n\n\n<p><a href=\"https:\/\/www.linkedin.com\/in\/miguelgserrano\/\" target=\"_blank\" rel=\"noreferrer noopener\">LinkedIn<\/a><\/p>\n<\/div>\n<\/div>\n<\/div>\n\n\n\n<div class=\"wp-block-column is-layout-flow wp-block-column-is-layout-flow\">\n<div class=\"wp-block-columns is-layout-flex wp-container-core-columns-is-layout-9d6595d7 wp-block-columns-is-layout-flex\">\n<div class=\"wp-block-column is-layout-flow wp-block-column-is-layout-flow\">\n<figure class=\"wp-block-image size-full is-resized\"><img decoding=\"async\" width=\"212\" height=\"264\" src=\"https:\/\/babelgroup.com\/wp-content\/uploads\/2025\/10\/Jose-de-Ramon1-1.webp\" alt=\"\" class=\"wp-image-1044120\" style=\"width:212px;height:auto\" \/><\/figure>\n<\/div>\n\n\n\n<div class=\"wp-block-column is-layout-flow wp-block-column-is-layout-flow\">\n<p><\/p>\n\n\n\n<p><strong>Jose de Ram\u00f3n<\/strong><\/p>\n\n\n\n<p>Strategic Accounts Director Babel<a href=\"https:\/\/www.linkedin.com\/in\/nuria-fuentes-s%C3%A1nchez\/\" target=\"_blank\" rel=\"noreferrer noopener\"><\/a><\/p>\n\n\n\n<p><a href=\"https:\/\/www.linkedin.com\/in\/jose-de-ramon-23949810\/\" target=\"_blank\" rel=\"noopener\">Linkedin<\/a><\/p>\n<\/div>\n<\/div>\n<\/div>\n<\/div>\n<\/div><!-- .vgblk-rw-wrapper -->","protected":false},"excerpt":{"rendered":"<h4 style=\"color: #f39433\">Miguel Gonz\u00e1lez<\/h4>\n<p>Area Vice President Southern Europe &amp; LATAM <b><font color=\"#f39433\">Appian Platform<\/font>.<\/b><\/p>\n<p><\/br><\/p>\n<p style=\"font-size: 12px;color: #333\">26\/02\/2024<\/p>\n","protected":false},"featured_media":1044124,"parent":0,"menu_order":1,"template":"","class_list":["post-1035024","babel-trends","type-babel-trends","status-publish","has-post-thumbnail","hentry"],"acf":[],"_links":{"self":[{"href":"https:\/\/babelgroup.com\/pt-pt\/wp-json\/wp\/v2\/babel-trends\/1035024","targetHints":{"allow":["GET"]}}],"collection":[{"href":"https:\/\/babelgroup.com\/pt-pt\/wp-json\/wp\/v2\/babel-trends"}],"about":[{"href":"https:\/\/babelgroup.com\/pt-pt\/wp-json\/wp\/v2\/types\/babel-trends"}],"version-history":[{"count":4,"href":"https:\/\/babelgroup.com\/pt-pt\/wp-json\/wp\/v2\/babel-trends\/1035024\/revisions"}],"predecessor-version":[{"id":1044332,"href":"https:\/\/babelgroup.com\/pt-pt\/wp-json\/wp\/v2\/babel-trends\/1035024\/revisions\/1044332"}],"wp:featuredmedia":[{"embeddable":true,"href":"https:\/\/babelgroup.com\/pt-pt\/wp-json\/wp\/v2\/media\/1044124"}],"wp:attachment":[{"href":"https:\/\/babelgroup.com\/pt-pt\/wp-json\/wp\/v2\/media?parent=1035024"}],"curies":[{"name":"wp","href":"https:\/\/api.w.org\/{rel}","templated":true}]}}

O papel do Low-Code nas organizações e no setor público

<div class="vgblk-rw-wrapper limit-wrapper">
<p>26/02/2024</p>



<p>Entrevista com <strong>Miguel González</strong>, Area Vice President Southern Europe &amp; LATAM na <strong>Appian Platform</strong></p>



<figure class="wp-block-embed is-type-video is-provider-youtube wp-block-embed-youtube wp-embed-aspect-16-9 wp-has-aspect-ratio"><div class="wp-block-embed__wrapper">
<iframe title="APPIAN sobre el factor Low-Code en las organizaciones y al sector público" width="1280" height="720" src="https://www.youtube.com/embed/EYVXjO0oNqM?start=48&#038;feature=oembed" frameborder="0" allow="accelerometer; autoplay; clipboard-write; encrypted-media; gyroscope; picture-in-picture; web-share" referrerpolicy="strict-origin-when-cross-origin" allowfullscreen></iframe>
</div></figure>



<p></p>



<p>.</p>



<p>Nesta ocasião, falamos com Miguel González, Area Vice President para o Sul da Europa e LATAM na plataforma Appian, uma ferramenta de desenvolvimento muito poderosa no mundo do Low-Code.<br>A otimização de recursos nas empresas, especialmente ao nível humano, é um dos maiores avanços que a tecnologia nos traz.<br>Isto, combinado com a evolução da Inteligência Artificial, reduz cada vez mais o tempo e os custos de produção.<br>Soluções como a Appian resolvem problemas que afetam todos os setores, bem como diferentes áreas dentro das organizações.<br>Os perfis de utilizadores de negócio e utilizadores técnicos estão cada vez mais próximos, o que ajuda a fomentar um ambiente mais colaborativo.<br>Uma das missões mais complexas é aproximar este tipo de tecnologia dos grupos minoritários, para que possam aceder a recursos que os ajudem no seu dia a dia.<br>Por esta razão, para além do setor privado, a colaboração com o setor público e com os cidadãos também é muito importante.</p>



<p></p>



<h2 class="wp-block-heading has-large-font-size"><strong><strong><strong><strong>Os protagonistas</strong></strong></strong></strong></h2>



<div class="wp-block-columns is-layout-flex wp-container-core-columns-is-layout-9d6595d7 wp-block-columns-is-layout-flex">
<div class="wp-block-column is-layout-flow wp-block-column-is-layout-flow">
<div class="wp-block-columns is-layout-flex wp-container-core-columns-is-layout-9d6595d7 wp-block-columns-is-layout-flex">
<div class="wp-block-column is-layout-flow wp-block-column-is-layout-flow">
<figure class="wp-block-image size-full is-resized"><img fetchpriority="high" decoding="async" width="212" height="264" src="https://babelgroup.com/wp-content/uploads/2025/10/MicrosoftTeams-image_21.webp" alt="" class="wp-image-1044116" style="width:215px;height:auto" /></figure>
</div>



<div class="wp-block-column is-layout-flow wp-block-column-is-layout-flow">
<p></p>



<p><strong><strong>Miguel González</strong></strong></p>



<p>Area Vicepresident Southern Europe &amp; LATAM</p>



<p><a href="https://www.linkedin.com/in/miguelgserrano/" target="_blank" rel="noreferrer noopener">LinkedIn</a></p>
</div>
</div>
</div>



<div class="wp-block-column is-layout-flow wp-block-column-is-layout-flow">
<div class="wp-block-columns is-layout-flex wp-container-core-columns-is-layout-9d6595d7 wp-block-columns-is-layout-flex">
<div class="wp-block-column is-layout-flow wp-block-column-is-layout-flow">
<figure class="wp-block-image size-full is-resized"><img decoding="async" width="212" height="264" src="https://babelgroup.com/wp-content/uploads/2025/10/Jose-de-Ramon1-1.webp" alt="" class="wp-image-1044120" style="width:212px;height:auto" /></figure>
</div>



<div class="wp-block-column is-layout-flow wp-block-column-is-layout-flow">
<p></p>



<p><strong>Jose de Ramón</strong></p>



<p>Strategic Accounts Director Babel<a href="https://www.linkedin.com/in/nuria-fuentes-s%C3%A1nchez/" target="_blank" rel="noreferrer noopener"></a></p>



<p><a href="https://www.linkedin.com/in/jose-de-ramon-23949810/" target="_blank" rel="noopener">Linkedin</a></p>
</div>
</div>
</div>
</div>
</div><!-- .vgblk-rw-wrapper -->

<h4 style="color: #f39433">Miguel González</h4>
<p>Area Vice President Southern Europe &amp; LATAM <b><font color="#f39433">Appian Platform</font>.</b></p>
<p></br></p>
<p style="font-size: 12px;color: #333">26/02/2024</p>
